me factors of 1599061154.
2, 23, 4447, 7817
What are the prime factors of 3257943?
3, 13, 83537
List the prime factors of 2279021795.
5, 3719, 122561
List the prime factors of 46880278.
2, 2957, 7927
List the prime factors of 63554784.
2, 3, 662029
List the prime factors of 436269620.
2, 5, 29, 752189
What are the prime factors of 3656250321?
3, 33889, 35963
List the prime factors of 9098722969.
7, 1299817567
What are the prime factors of 3603042?
2, 3, 23, 967
List the prime factors of 128434808.
2, 43, 373357
List the prime factors of 56086974.
2, 3, 19, 163997
List the prime factors of 945278786.
2, 8969, 52697
List the prime factors of 8557143.
3, 7, 407483
What are the prime factors of 11037827?
11037827
What are the prime factors of 263882425?
5, 229, 46093
What are the prime factors of 99749452?
2, 11, 577, 3929
List the prime factors of 267633053.
5189, 51577
List the prime factors of 225317122.
2, 112658561
What are the prime factors of 590529700?
2, 5, 5905297
List the prime factors of 336120681.
3, 13, 8618479
What are the prime factors of 1624824911?
1624824911
List the prime factors of 15420475.
5, 7, 88117
List the prime factors of 11066221.
11066221
List the prime factors of 774802391.
11, 313, 225037
List the prime factors of 749283730.
2, 5, 13, 29, 233, 853
List the prime factors of 270344324.
2, 41, 1648441
List the prime factors of 181933425.
3, 5, 409, 659
What are the prime factors of 84283472?
2, 7, 13, 107, 541
What are the prime factors of 1737474868?
2, 17, 2251, 11351
List the prime factors of 6281127.
3, 31, 47, 479
What are the prime factors of 2043907161?
3, 17, 89, 450299
List the prime factors of 477430452.
2, 3, 199, 66643
List the prime factors of 483324820.
2, 5, 11, 199721
What are the prime factors of 78135360?
2, 3, 5, 199, 409
List the prime factors of 589836685.
5, 117967337
What are the prime factors of 1959408587?
113, 17339899
List the prime factors of 68020649.
107, 635707
What are the prime factors of 806839925?
5, 2347, 13751
What are the prime factors of 2639644158?
2, 3, 37, 67, 177467
List the prime factors of 1467127362.
2, 3, 12161, 20107
List the prime factors of 2199506113.
7, 131, 577, 4157
What are the prime factors of 227838958?
2, 1117, 101987
What are the prime factors of 236874138?
2, 3, 41, 962903
What are the prime factors of 141412838?
2, 7, 10100917
List the prime factors of 186685459.
167, 1117877
What are the prime factors of 81438985?
5, 16287797
What are the prime factors of 57904264?
2, 11, 467, 1409
List the prime factors of 321210248.
2, 71, 565511
List the prime factors of 30764437.
11, 2796767
List the prime factors of 2381293251.
3, 193, 197, 6959
List the prime factors of 174623052.
2, 3, 3767, 3863
List the prime factors of 3108943187.
7, 17, 26125573
What are the prime factors of 898464960?
2, 3, 5, 17, 2039
What are the prime factors of 21689533?
41, 193, 2741
What are the prime factors of 1499063300?
2, 5, 7, 2141519
What are the prime factors of 10153573?
17, 597269
What are the prime factors of 722435458?
2, 6737, 53617
What are the prime factors of 39121491?
3, 13040497
What are the prime factors of 361720025?
5, 14468801
List the prime factors of 40969243.
7, 836107
What are the prime factors of 5325161445?
3, 5, 19, 997, 6247
What are the prime factors of 110870826?
2, 3, 11, 181, 9281
What are the prime factors of 416114396?
2, 7019, 14821
List the prime factors of 93389184.
2, 3, 7, 37, 313
List the prime factors of 50685866.
2, 7, 11, 283, 1163
List the prime factors of 196611617.
409, 480713
What are the prime factors of 381887823?
3, 239, 532619
List the prime factors of 189267951.
3, 63089317
List the prime factors of 70715281.
7, 13, 15859
What are the prime factors of 6231518215?
5, 13, 17, 1693, 3331
What are the prime factors of 182537949?
3, 11, 67, 82559
What are the prime factors of 535700472?
2, 3, 647, 34499
List the prime factors of 302169279.
3, 853, 118081
What are the prime factors of 15927636?
2, 3, 1327303
What are the prime factors of 254197489?
7, 13, 31, 251, 359
List the prime factors of 513794566.
2, 29, 8858527
What are the prime factors of 582402331?
7, 29, 2868977
List the prime factors of 641541632.
2, 1253011
List the prime factors of 2364212233.
41, 379, 152147
List the prime factors of 52678659.
3, 11, 19, 84017
List the prime factors of 77079827.
11, 19, 368803
List the prime factors of 19959682.
2, 359, 27799
What are the prime factors of 1374214236?
2, 3, 114517853
What are the prime factors of 202894649?
12967, 15647
List the prime factors of 1376078526.
2, 3, 557, 137251
What are the prime factors of 7477854311?
17, 9931, 44293
What are the prime factors of 104941521?
3, 3886723
What are the prime factors of 7120250869?
7120250869
What are the prime factors of 58056842?
2, 71, 131, 3121
List the prime factors of 102403810.
2, 5, 1667, 6143
List the prime factors of 185740866.
2, 3, 10318937
List the prime factors of 62210892.
2, 3, 47, 73, 1511
What are the prime factors of 2750416040?
2, 5, 68760401
What are the prime factors of 87622601?
11, 29, 274679
What are the prime factors of 180260407?
23, 7837409
What are the prime factors of 746813158?
2, 7, 13, 113, 36313
List the prime factors of 2574231730.
2, 5, 7, 53, 673, 1031
List the prime factors of 10789748.
2, 2697437
List the prime factors of 50749034.
2, 7, 3624931
List the prime factors of 3942340433.
3942340433
List the prime factors of 7784255703.
3, 7, 370678843
What are the prime factors of 450195431?
7, 64313633
List the prime factors of 612769134.
2, 3, 102128189
What are the prime factors of 81528013?
7, 237691
List the prime factors of 2751886098.
2, 3, 13, 991, 11867
What are the prime factors of 4376766153?
3, 1531, 952921
List the prime factors of 6166608999.
3, 2055536333
What are the prime factors of 425820273?
3, 113, 1256107
List the prime factors of 4046599970.
2, 5, 7, 29, 139, 14341
List the prime factors of 46408924.
2, 11602231
What are the prime factors of 856238269?
17, 3517, 14321
What are the prime factors of 160274514?
2, 3, 1823, 14653
List the prime factors of 737190030.
2, 3, 5, 24573001
What are the prime factors of 3168805010?
2, 5, 7, 181, 35729
List the prime factors of 188013498.
2, 3, 2339, 13397
What are the prime factors of 53859866?
2, 101, 266633
List the prime factors of 747540885.
3, 5, 7, 13, 53, 10333
List the prime factors of 47874053.
19, 229, 11003
What are the prime factors of 100848371?
13, 19, 281, 1453
List the prime factors of 8499914.
2, 4249957
What are the prime factors of 2133538156?
2, 41, 13009379
List the prime factors of 52218717.
3, 23, 59, 101, 127
List the prime factors of 35384584.
2, 241, 18353
What are the prime factors of 976719068?
2, 13, 61, 307919
What are the prime factors of 38387662?
2, 173, 110947
What are the prime factors of 1677185293?
7, 73, 3282163
List the prime factors of 57082812.
2, 3, 4756901
List the prime factors of 347423147.
523, 664289
List the prime factors of 119237746.
2, 59618873
List the prime factors of 24450680.
2, 5, 211, 2897
What are the prime factors of 133442311?
29, 101, 1571
List the prime factors of 272017355.
5, 43, 1265197
List the prime factors of 1071696882.
2, 3, 89, 2006923
What are the prime factors of 201589238?
2, 83, 1214393
What are the prime factors of 487486962?
2, 3, 2311, 11719
List the prime factors of 490335368.
2, 739, 82939
List the prime factors of 179227302.
2, 3, 163, 183259
What are the prime factors of 177032771?
23, 317, 24281
What are the prime factors of 467643731?
211, 2216321
What are the prime factors of 30310556?
2, 7577639
List the prime factors of 16546000.
2, 5, 8273
What are the prime factors of 4602919003?
4602919003
List the prime factors of 49160340.
2, 3, 5, 273113
What are the prime factors of 59813049?
3, 251, 79433
What are the prime factors of 8635967?
8635967
What are the prime factors of 1766705063?
19, 92984477
What are the prime factors of 86631536?
2, 67, 211, 383
List the prime factors of 15756042.
2, 3, 17, 113, 1367
List the prime factors of 81138985.
5, 16227797
List the prime factors of 463185650.
2, 5, 83, 111611
What are the prime factors of 100711699?
11, 9155609
What are the prime factors of 7703888?
2, 11